{"id":623,"date":"2023-10-29T23:21:55","date_gmt":"2023-10-29T23:21:55","guid":{"rendered":"https:\/\/antiziganismus.org\/?page_id=623"},"modified":"2023-10-30T15:35:30","modified_gmt":"2023-10-30T15:35:30","slug":"kommunale-verwaltung","status":"publish","type":"page","link":"https:\/\/antiziganismus.org\/?page_id=623","title":{"rendered":"Handlungsempfehlungen:Kommunale Verwaltung"},"content":{"rendered":"\n<p>Aus dem Bericht der<strong> Unabh\u00e4ngigen Kommission Antiziganismus<\/strong> mit dem Titel &#8220; Perspektivwechsel. Nachholende Gerechtigkeit. Partizipation.&#8220; Beauftragt durch das Bundesministerium des Inneren, f\u00fcr Bau und Heimat.<\/p>\n\n\n\n<p><strong>Die Unabh\u00e4ngige Kommission Antiziganismus empfiehlt \u2026<\/strong><\/p>\n\n\n\n<p>\u2022 der Bundesregierung, den von den Selbstorganisationen der Roma und Sinti und den Menschenrechtsgremien der UN und der EU seit langem als besonders besorgniserregend identifizierten Sachverhalt des institutionellen Rassismus\/Antiziganismus anzuerkennen und entschieden f\u00fcr seine \u00dcberwindung einzutreten.<\/p>\n\n\n\n<p>\u2022 den politisch Verantwortlichen auf Bundes-, L\u00e4nder- und kommunaler Ebene, einen grundlegenden Perspektivwechsel in den Handlungskonzepten zum Umgang mit der EU-Binnenmigration weg von Abwehr und Segregation hin zu Fairness und Gerechtigkeit zu vollziehen. Dazu geh\u00f6rt auch die partizipative Einbeziehung der Menschen, um die es geht, und die Hinzunahme rassismuskritischer Expertise bei der Entwicklung kommunaler Handlungskonzepte der Integration. Migration ist als Normalfall zu verstehen und den in der gesellschaftlichen Hierarchie am untersten Ende stehenden Menschen ist der gr\u00f6\u00dftm\u00f6gliche Ausgleich von Nachteilen zu gew\u00e4hrleisten.<\/p>\n\n\n\n<p>\u2022 Bildungsarbeit gegen Antiziganismus\/ Rassismus gegen Roma und Sinti sowie Antidiskriminierungstrainings und Schulungen zum europ\u00e4ischen Recht in staatlichen und kommunalen Verwaltungen wie Sozial-, Jugend-, Gesundheits- und Stadtplanungs\u00e4mtern und Schul- und Kulturverwaltungen. \u2022 eine Reform des Allgemeinen Gleichbehandlungsgesetzes (AGG), die den Sachverhalt der institutionellen Diskriminierung umfassend ber\u00fccksichtigt und ein Verbandsklagerecht einf\u00fchrt. Der Sachverhalt der institutionellen Diskriminierung wird im AGG bislang nur unzureichend ber\u00fccksichtigt. Hierunter fallen auch die Diskriminierungstatbest\u00e4nde im Kontakt zu Leistungs-, Ordnungs- und Sozialbeh\u00f6rden, Jugend- und Stadtplanungs\u00e4mtern und beim Zugang zum Bildungs- und Gesundheitssystem. Zudem erschwert das Fehlen eines <\/p>\n\n\n\n<p>Verbandsklagerechts Interventionen, wenn die von Diskriminierung Betroffenen selbst keine rechtlichen Schritte einleiten.1038<\/p>\n\n\n\n<p>\u2022 ein rassismuskritisches Monitoring beh\u00f6rdlicher Praktiken. Zu empfehlen ist die regelm\u00e4\u00dfige \u00dcberpr\u00fcfung der. 8. Institutioneller Antiziganismus\/Rassismus gegen Roma und Sinti269 Verfahrenswege in der Bewilligungspr\u00fcfung durch eine unabh\u00e4ngig agierende Stabsstelle f\u00fcr organisationsinterne Pr\u00fcfungen und einschl\u00e4gige Beratungst\u00e4tigkeit.1039<\/p>\n\n\n\n<p>\u2022 umfassende Beratung und Unterst\u00fctzung bei der Wohnungssuche, mit dem Ziel der F\u00f6rderung des \u00dcbergangs von der Notunterkunft zur eigenen Wohnung; Bereitstellung von menschenw\u00fcrdigen Wohnungen f\u00fcr wohnungslose Menschen, insbesondere auch solche, die f\u00fcr Familien geeignet und zug\u00e4nglich f\u00fcr Menschen ohne SGB II- oder SGB XII-Bezug sind.<\/p>\n\n\n\n<p>\u2022 Sicherstellung des Zugangs zur gesetzlichen Krankenversicherung. Dies schlie\u00dft die Aufhebung von Einschr\u00e4nkungen der Gesundheitsversorgung ein, die in einer Reihe von Richtlinien, Gesetzen und Grunds\u00e4tzen verankert sind und von denen insbesondere Roma&nbsp; &nbsp;aus Bulgarien und Rum\u00e4nien und dem Westbalkan \u00fcberdurchschnittlich betroffen sind.<\/p>\n\n\n\n<p>\u2022 hochwertige Informationen \u00fcber Arbeitnehmer_innen-Rechte. Gewerkschaften sollten f\u00fcr Arbeitnehmer_ innen im Niedriglohnbereich fl\u00e4chendeckende Aufkl\u00e4rungskampagnen \u00fcber Arbeitsrechte durchf\u00fchren; generell sollten den Betroffenen bessere Informationen \u00fcber ihre Rechte zur Verf\u00fcgung gestellt werden.<\/p>\n\n\n\n<p>\u2022 die hochwertige F\u00f6rderung praktischer M\u00f6glichkeiten der Rechtsdurchsetzung sowie die Institutionalisierung arbeitsrechtlicher Beratungsstellen.<\/p>\n\n\n\n<p>\u2022 eine segregierende Beschulung von Kindern und Jugendlichen in sogenannten \u201eWillkommensklassen\u201c, \u201eAuffangklassen\u201c, \u201eSprachlernklassen\u201c etc. zu vermeiden.<\/p>\n\n\n\n<p>\u2022 den Sachverhalt des institutionellen Rassismus\/Antiziganismus in der Forschungsf\u00f6rderung als Schwerpunkt zu ber\u00fccksichtigen. Dazu geh\u00f6ren Recherche- und Forschungsprojekte zu institutionellem Rassismus in staatlichen Bereichen, zum Beispiel den Leistungs-, Ordnungs- und Sozialbeh\u00f6rden, der Polizei, der Sozialen Arbeit, der medizinischen Versorgung und dem Bildungssystem; dazu geh\u00f6ren auch ein regelm\u00e4\u00dfiges Equality-Data Monitoring und empirische Analysen zu institutionellen und strukturellen Diskriminierungsmechanismen.<\/p>\n\n\n\n<p><\/p>\n\n\n\n<p>Wir haben Genderungen durch die Volksbezeichnung \u201eRoma und Sinti\u201c ersetzt. Zur Begr\u00fcndung:<\/p>\n\n\n\n<ul>\n<li>Es wird auch nicht im Ursprungsbericht \u00fcberall gendergerecht formuliert.<\/li>\n\n\n\n<li>Der Bericht weist auf die kontroverse Diskussion zur Genderung hin.<\/li>\n\n\n\n<li>Wir m\u00f6chten als Volk wahrgenommen werden. Als Individuen kann uns jeder gerne in unserer Vielfalt kennenlernen.<\/li>\n\n\n\n<li>Wenn es wirklich konsequent um Genderung geht, m\u00fcsste man auch \u201eFranzosen und Franz\u00f6sinnen\u201c als \u201eFemme et Homme\u201c formulieren. Bitte verstehen Sie diese Absurdit\u00e4t.<\/li>\n\n\n\n<li>Wir bevorzugen generell die Verwendung einer geschlechtsneutralen Form in der Sprache des Romanes.<\/li>\n<\/ul>\n","protected":false},"excerpt":{"rendered":"<p>Aus dem Bericht der Unabh\u00e4ngigen Kommission Antiziganismus mit dem Titel &#8220; Perspektivwechsel. Nachholende Gerechtigkeit. Partizipation.&#8220; Beauftragt durch das Bundesministerium des Inneren, f\u00fcr Bau und Heimat. Die Unabh\u00e4ngige Kommission Antiziganismus empfiehlt \u2026 \u2022 der Bundesregierung, den von den Selbstorganisationen der Roma und Sinti und den Menschenrechtsgremien der UN und der EU seit langem als besonders besorgniserregend [&hellip;]<\/p>\n","protected":false},"author":1,"featured_media":0,"parent":0,"menu_order":0,"comment_status":"closed","ping_status":"closed","template":"","meta":{"om_disable_all_campaigns":false,"_monsterinsights_skip_tracking":false,"_monsterinsights_sitenote_active":false,"_monsterinsights_sitenote_note":"","_monsterinsights_sitenote_category":0,"footnotes":""},"aioseo_notices":[],"_links":{"self":[{"href":"https:\/\/antiziganismus.org\/index.php?rest_route=\/wp\/v2\/pages\/623"}],"collection":[{"href":"https:\/\/antiziganismus.org\/index.php?rest_route=\/wp\/v2\/pages"}],"about":[{"href":"https:\/\/antiziganismus.org\/index.php?rest_route=\/wp\/v2\/types\/page"}],"author":[{"embeddable":true,"href":"https:\/\/antiziganismus.org\/index.php?rest_route=\/wp\/v2\/users\/1"}],"replies":[{"embeddable":true,"href":"https:\/\/antiziganismus.org\/index.php?rest_route=%2Fwp%2Fv2%2Fcomments&post=623"}],"version-history":[{"count":3,"href":"https:\/\/antiziganismus.org\/index.php?rest_route=\/wp\/v2\/pages\/623\/revisions"}],"predecessor-version":[{"id":730,"href":"https:\/\/antiziganismus.org\/index.php?rest_route=\/wp\/v2\/pages\/623\/revisions\/730"}],"wp:attachment":[{"href":"https:\/\/antiziganismus.org\/index.php?rest_route=%2Fwp%2Fv2%2Fmedia&parent=623"}],"curies":[{"name":"wp","href":"https:\/\/api.w.org\/{rel}","templated":true}]}}

<p>Aus dem Bericht der<strong> Unabhängigen Kommission Antiziganismus</strong> mit dem Titel &#8220; Perspektivwechsel. Nachholende Gerechtigkeit. Partizipation.&#8220; Beauftragt durch das Bundesministerium des Inneren, für Bau und Heimat.</p>



<p><strong>Die Unabhängige Kommission Antiziganismus empfiehlt …</strong></p>



<p>• der Bundesregierung, den von den Selbstorganisationen der Roma und Sinti und den Menschenrechtsgremien der UN und der EU seit langem als besonders besorgniserregend identifizierten Sachverhalt des institutionellen Rassismus/Antiziganismus anzuerkennen und entschieden für seine Überwindung einzutreten.</p>



<p>• den politisch Verantwortlichen auf Bundes-, Länder- und kommunaler Ebene, einen grundlegenden Perspektivwechsel in den Handlungskonzepten zum Umgang mit der EU-Binnenmigration weg von Abwehr und Segregation hin zu Fairness und Gerechtigkeit zu vollziehen. Dazu gehört auch die partizipative Einbeziehung der Menschen, um die es geht, und die Hinzunahme rassismuskritischer Expertise bei der Entwicklung kommunaler Handlungskonzepte der Integration. Migration ist als Normalfall zu verstehen und den in der gesellschaftlichen Hierarchie am untersten Ende stehenden Menschen ist der größtmögliche Ausgleich von Nachteilen zu gewährleisten.</p>



<p>• Bildungsarbeit gegen Antiziganismus/ Rassismus gegen Roma und Sinti sowie Antidiskriminierungstrainings und Schulungen zum europäischen Recht in staatlichen und kommunalen Verwaltungen wie Sozial-, Jugend-, Gesundheits- und Stadtplanungsämtern und Schul- und Kulturverwaltungen. • eine Reform des Allgemeinen Gleichbehandlungsgesetzes (AGG), die den Sachverhalt der institutionellen Diskriminierung umfassend berücksichtigt und ein Verbandsklagerecht einführt. Der Sachverhalt der institutionellen Diskriminierung wird im AGG bislang nur unzureichend berücksichtigt. Hierunter fallen auch die Diskriminierungstatbestände im Kontakt zu Leistungs-, Ordnungs- und Sozialbehörden, Jugend- und Stadtplanungsämtern und beim Zugang zum Bildungs- und Gesundheitssystem. Zudem erschwert das Fehlen eines </p>



<p>Verbandsklagerechts Interventionen, wenn die von Diskriminierung Betroffenen selbst keine rechtlichen Schritte einleiten.1038</p>



<p>• ein rassismuskritisches Monitoring behördlicher Praktiken. Zu empfehlen ist die regelmäßige Überprüfung der. 8. Institutioneller Antiziganismus/Rassismus gegen Roma und Sinti269 Verfahrenswege in der Bewilligungsprüfung durch eine unabhängig agierende Stabsstelle für organisationsinterne Prüfungen und einschlägige Beratungstätigkeit.1039</p>



<p>• umfassende Beratung und Unterstützung bei der Wohnungssuche, mit dem Ziel der Förderung des Übergangs von der Notunterkunft zur eigenen Wohnung; Bereitstellung von menschenwürdigen Wohnungen für wohnungslose Menschen, insbesondere auch solche, die für Familien geeignet und zugänglich für Menschen ohne SGB II- oder SGB XII-Bezug sind.</p>



<p>• Sicherstellung des Zugangs zur gesetzlichen Krankenversicherung. Dies schließt die Aufhebung von Einschränkungen der Gesundheitsversorgung ein, die in einer Reihe von Richtlinien, Gesetzen und Grundsätzen verankert sind und von denen insbesondere Roma&nbsp; &nbsp;aus Bulgarien und Rumänien und dem Westbalkan überdurchschnittlich betroffen sind.</p>



<p>• hochwertige Informationen über Arbeitnehmer_innen-Rechte. Gewerkschaften sollten für Arbeitnehmer_ innen im Niedriglohnbereich flächendeckende Aufklärungskampagnen über Arbeitsrechte durchführen; generell sollten den Betroffenen bessere Informationen über ihre Rechte zur Verfügung gestellt werden.</p>



<p>• die hochwertige Förderung praktischer Möglichkeiten der Rechtsdurchsetzung sowie die Institutionalisierung arbeitsrechtlicher Beratungsstellen.</p>



<p>• eine segregierende Beschulung von Kindern und Jugendlichen in sogenannten „Willkommensklassen“, „Auffangklassen“, „Sprachlernklassen“ etc. zu vermeiden.</p>



<p>• den Sachverhalt des institutionellen Rassismus/Antiziganismus in der Forschungsförderung als Schwerpunkt zu berücksichtigen. Dazu gehören Recherche- und Forschungsprojekte zu institutionellem Rassismus in staatlichen Bereichen, zum Beispiel den Leistungs-, Ordnungs- und Sozialbehörden, der Polizei, der Sozialen Arbeit, der medizinischen Versorgung und dem Bildungssystem; dazu gehören auch ein regelmäßiges Equality-Data Monitoring und empirische Analysen zu institutionellen und strukturellen Diskriminierungsmechanismen.</p>



<p></p>



<p>Wir haben Genderungen durch die Volksbezeichnung „Roma und Sinti“ ersetzt. Zur Begründung:</p>



<ul>
<li>Es wird auch nicht im Ursprungsbericht überall gendergerecht formuliert.</li>



<li>Der Bericht weist auf die kontroverse Diskussion zur Genderung hin.</li>



<li>Wir möchten als Volk wahrgenommen werden. Als Individuen kann uns jeder gerne in unserer Vielfalt kennenlernen.</li>



<li>Wenn es wirklich konsequent um Genderung geht, müsste man auch „Franzosen und Französinnen“ als „Femme et Homme“ formulieren. Bitte verstehen Sie diese Absurdität.</li>



<li>Wir bevorzugen generell die Verwendung einer geschlechtsneutralen Form in der Sprache des Romanes.</li>
</ul>

<p>Aus dem Bericht der Unabhängigen Kommission Antiziganismus mit dem Titel &#8220; Perspektivwechsel. Nachholende Gerechtigkeit. Partizipation.&#8220; Beauftragt durch das Bundesministerium des Inneren, für Bau und Heimat. Die Unabhängige Kommission Antiziganismus empfiehlt … • der Bundesregierung, den von den Selbstorganisationen der Roma und Sinti und den Menschenrechtsgremien der UN und der EU seit langem als besonders besorgniserregend [&hellip;]</p>
