{"id":619,"date":"2023-10-29T23:21:55","date_gmt":"2023-10-29T23:21:55","guid":{"rendered":"https:\/\/antiziganismus.org\/?page_id=619"},"modified":"2023-10-30T15:34:57","modified_gmt":"2023-10-30T15:34:57","slug":"fussball","status":"publish","type":"page","link":"https:\/\/antiziganismus.org\/?page_id=619","title":{"rendered":"Handlungsempfehlungen:Fussball"},"content":{"rendered":"\n<p>Aus dem Bericht der<strong> Unabh\u00e4ngigen Kommission Antiziganismus<\/strong> mit dem Titel &#8220; Perspektivwechsel. Nachholende Gerechtigkeit. Partizipation.&#8220; Beauftragt durch das Bundesministerium des Inneren, f\u00fcr Bau und Heimat.<\/p>\n\n\n\n<p>Die Unabh\u00e4ngige Kommission Antiziganismus empfiehlt \u2026<\/p>\n\n\n\n<p>\u2022 den Vereinen, zivilcouragierte Fangruppen st\u00e4rker und deutlicher zu unterst\u00fctzen, zum Beispiel durch Erm\u00f6glichung von Fanaktionen im Stadion oder durch Sichtbarkeit ihrer Aktionen in Vereinsmedien wie dem Stadionmagazin.<\/p>\n\n\n\n<p>\u2022 den Vereinen, ein Leitbild zu verfassen, einen Antidiskriminierungsparagrafen in die Stadionordnung zu schreiben sowie ihre Mitarbeiter_innen in Schulungen gegen Diskriminierung zu sensibilisieren. Dar\u00fcber hinaus sollten Vereine Kooperationen mit Selbstorganisationen von Roma und Sinti initiieren, Aktionsspieltage gegen Antiziganismus ausrichten und sich \u00f6ffentlich gegen Antiziganismus positionieren.<\/p>\n\n\n\n<p>\u2022 dass Vereine Workshops f\u00fcr Spieler_innen und Vereinsmitarbeitende zu sozialer Verantwortung und Diskriminierung etablieren.<\/p>\n\n\n\n<p>\u2022 den Vereinen, in Kooperation mit den Ordnungsdiensten sicherzustellen, dass diese im Rahmen von Schulungen zu Rassismus und Diskriminierung auch f\u00fcr Antiziganismus sensibilisiert werden.<\/p>\n\n\n\n<p>\u2022 den Bundesl\u00e4ndern und Kommunen, einen gr\u00f6\u00dferen finanziellen Beitrag zu leisten, damit Fanprojekte das Thema Antiziganismus dauerhaft etablieren und bearbeiten k\u00f6nnen, zum Beispiel durch das Kn\u00fcpfen von Netzwerken mit lokalen Selbstorganisationen von Roma und Sintiund durch die Organisation von Veranstaltungen.<\/p>\n\n\n\n<p>\u2022 dass der Deutsche Fu\u00dfball-Bund (DFB), seine Regional- und Landesverb\u00e4nde eine kritische Auseinandersetzung mit Antiziganismus als festen Bestandteil von Trainerlehrg\u00e4ngen sowie in Schulungen etabliert, zum Beispiel von Schiedsrichter_innen und Sportgerichten. \u2022 eine breit angelegte Tagung zu \u201eAntiziganismus im Fu\u00dfball\u201c durch den DFB, in Kooperation mit Fanprojekten und Selbstorganisationen. Im Rahmen einer solchen Tagung k\u00f6nnen sich verschiedene Akteur_innen mit ihren spezifischen Erfahrungen, Kontexten sowie Kompetenzen einbringen und sich dar\u00fcber austauschen, 1.) wie Antiziganismus erkennbar bzw. besser zu erkennen ist, 2.) welche M\u00f6glichkeiten es gibt, das Problem zu thematisieren, <\/p>\n\n\n\n<p>und 3.) welche Strategien sich \u2013 individuell und gemeinsam \u2013 entwickeln lassen, um Antiziganismus explizit in bestehende Ma\u00dfnahmen und Programme gegen Diskriminierung im Fu\u00dfball einzubinden und neue Formate zu entwickeln.<\/p>\n\n\n\n<p>\u2022 dass der DFB eine bundesweite Antidiskriminierungsstelle f\u00fcr Fu\u00dfball und Fankulturen einrichtet. Eine solche Antidiskriminierungsstelle b\u00f6te die Chance, verstreutes Wissen aus unterschiedlichen Bereichen zu b\u00fcndeln und als institutionalisiertes Wissen verf\u00fcgbar zu machen. Dabei lie\u00dfe sich das Engagement gegen Antiziganismus mit dem Engagement gegen andere Diskriminierungsformen im Fu\u00dfball verbinden, da es \u00dcberschneidungen zwischen verschiedenen Rassismen gibt. Zentrale Aufgaben der bundesweiten Antidiskriminierungsstelle w\u00e4ren Kampagnen und Initiativen gegen Rassismus, \u00fcberdies auch Dokumentation, Vernetzung, Beratung und Aufkl\u00e4rung. Die Stelle sollte die Akteur_innen in ihren Anstrengungen vor Ort unterst\u00fctzen und Ansprechpartner f\u00fcr Verb\u00e4nde, Vereine, Politik, Initiativen, Medien, Fanprojekte, Einzelpersonen und andere Akteur_innen sein. Sie sollte pr\u00e4ventiv t\u00e4tig sein und zudem als \u201emobile Beratungsstelle\u201c agieren, um bei Konflikten oder Problemen zu moderieren und zu unterst\u00fctzen. Eine solche feste Einrichtung k\u00f6nnte wesentlich dazu beitragen, das Bewusstsein (nicht nur) f\u00fcr antiziganistische Praktiken im Fu\u00dfball und dessen Umfeld zu sch\u00e4rfen sowie spezifische Pr\u00e4ventionsstrategien zu entwickeln. Zugleich darf sie nicht in Konkurrenz (zum Beispiel um F\u00f6rdermittel) zu bestehenden, erfolgreich arbeitenden Fanprojekten und anderen Akteur_innen treten und sollte mit Selbstorganisationen kooperieren sowie auf allen Arbeitsebenen Mitarbeiter_innen mit Diskriminierungserfahrungen besch\u00e4ftigen.<\/p>\n\n\n\n<p>\u2022 dem Bundesministerium f\u00fcr Bildung und Forschung, qualitative und quantitative Studien zu Antiziganismus im Fu\u00dfball zu f\u00f6rdern, in denen auch pr\u00e4zise Handlungsempfehlungen und Gegenma\u00dfnahmen erarbeitet werden<\/p>\n\n\n\n<p><\/p>\n\n\n\n<p>Wir haben Genderungen durch die Volksbezeichnung \u201eRoma und Sinti\u201c ersetzt. Zur Begr\u00fcndung:<\/p>\n\n\n\n<ul>\n<li>Es wird auch nicht im Ursprungsbericht \u00fcberall gendergerecht formuliert.<\/li>\n\n\n\n<li>Der Bericht weist auf die kontroverse Diskussion zur Genderung hin.<\/li>\n\n\n\n<li>Wir m\u00f6chten als Volk wahrgenommen werden. Als Individuen kann uns jeder gerne in unserer Vielfalt kennenlernen.<\/li>\n\n\n\n<li>Wenn es wirklich konsequent um Genderung geht, m\u00fcsste man auch \u201eFranzosen und Franz\u00f6sinnen\u201c als \u201eFemme et Homme\u201c formulieren. Bitte verstehen Sie diese Absurdit\u00e4t.<\/li>\n\n\n\n<li>Wir bevorzugen generell die Verwendung einer geschlechtsneutralen Form in der Sprache des Romanes.<\/li>\n<\/ul>\n","protected":false},"excerpt":{"rendered":"<p>Aus dem Bericht der Unabh\u00e4ngigen Kommission Antiziganismus mit dem Titel &#8220; Perspektivwechsel. Nachholende Gerechtigkeit. Partizipation.&#8220; Beauftragt durch das Bundesministerium des Inneren, f\u00fcr Bau und Heimat. Die Unabh\u00e4ngige Kommission Antiziganismus empfiehlt \u2026 \u2022 den Vereinen, zivilcouragierte Fangruppen st\u00e4rker und deutlicher zu unterst\u00fctzen, zum Beispiel durch Erm\u00f6glichung von Fanaktionen im Stadion oder durch Sichtbarkeit ihrer Aktionen in [&hellip;]<\/p>\n","protected":false},"author":1,"featured_media":0,"parent":0,"menu_order":0,"comment_status":"closed","ping_status":"closed","template":"","meta":{"om_disable_all_campaigns":false,"_monsterinsights_skip_tracking":false,"_monsterinsights_sitenote_active":false,"_monsterinsights_sitenote_note":"","_monsterinsights_sitenote_category":0,"footnotes":""},"aioseo_notices":[],"_links":{"self":[{"href":"https:\/\/antiziganismus.org\/index.php?rest_route=\/wp\/v2\/pages\/619"}],"collection":[{"href":"https:\/\/antiziganismus.org\/index.php?rest_route=\/wp\/v2\/pages"}],"about":[{"href":"https:\/\/antiziganismus.org\/index.php?rest_route=\/wp\/v2\/types\/page"}],"author":[{"embeddable":true,"href":"https:\/\/antiziganismus.org\/index.php?rest_route=\/wp\/v2\/users\/1"}],"replies":[{"embeddable":true,"href":"https:\/\/antiziganismus.org\/index.php?rest_route=%2Fwp%2Fv2%2Fcomments&post=619"}],"version-history":[{"count":3,"href":"https:\/\/antiziganismus.org\/index.php?rest_route=\/wp\/v2\/pages\/619\/revisions"}],"predecessor-version":[{"id":739,"href":"https:\/\/antiziganismus.org\/index.php?rest_route=\/wp\/v2\/pages\/619\/revisions\/739"}],"wp:attachment":[{"href":"https:\/\/antiziganismus.org\/index.php?rest_route=%2Fwp%2Fv2%2Fmedia&parent=619"}],"curies":[{"name":"wp","href":"https:\/\/api.w.org\/{rel}","templated":true}]}}